uppose 1680 = -24*w + 31*w. Let a = 25 + w. What are the prime factors of a?
5, 53
Let m(h) be the second derivative of h**4/6 - 5*h**3/3 - 7*h**2/2 + 13*h. Let i be m(6). List the prime factors of 524/i - (-9)/45.
3, 5, 7
Let p(w) = 2*w**2 + 40*w + 56. Let c be p(-19). What are the prime factors of (3/c*297)/((-1)/(-4))?
2, 3, 11
Let f(h) = -h**3 + 29*h**2 - 11*h - 37. List the prime factors of f(19).
2, 29
Suppose -g + 4315 = -5*s - 1234, -3 = s. What are the prime factors of g?
2, 2767
Suppose -13411 + 347854 = 37*y. List the prime factors of y.
3, 23, 131
List the prime factors of (8232/(-10))/((-6)/45).
2, 3, 7
Let x be (1*-2)/((-10)/(-11570)). Let v = -734 + x. List the prime factors of v/(-20) - 4/10.
2, 19
Let o(a) = 92*a**3 - 4*a**2 + 4*a + 6. Let x be o(-2). Let u = x + 1675. List the prime factors of u.
3, 307
Suppose 258*r = 121*r - 281*r + 12366948. What are the prime factors of r?
2, 3, 4931
Suppose 5*b - 10*b + 122760 = 5*o, 4*b = -5*o + 98215. What are the prime factors of b?
5, 4909
Let i(m) = -m**3 + 62*m**2 - 49*m + 372. List the prime factors of i(45).
2, 3, 7, 97
Let q = 21310 - 13411. List the prime factors of q.
3, 2633
What are the prime factors of 16206 + 10 + (-12)/1?
2, 4051
Let x(h) = 22*h**3 + 9*h**2 - 5*h - 6. Let y be x(5). Suppose -23*p - 184 = -y. List the prime factors of p.
2, 3, 5
Let r = 15387 + -8580. Suppose 0 = 7*x - r + 1312. What are the prime factors of x?
5, 157
Let o be 1*4/(16/20). Suppose -510 = -3*v - 0*v. Suppose 5*p - 28 = -c, c + o*p + v = 6*c. What are the prime factors of c?
3, 11
Suppose -l = 4*o - 2 + 55, -3*o + 5*l - 34 = 0. Let n = 253 - o. Suppose -7*j = n - 896. List the prime factors of j.
2, 3, 5
Let l be -4 + (-9)/(54/(-24)) - -8. Suppose -5*n + t = -8538, 4*t + 5116 = -l*n + 11*n. What are the prime factors of n?
2, 7, 61
Suppose 9*m + 5009 = 5*m - 3*z, 2*z - 10 = 0. Let h be -4 - (-3)/((-6)/m). Suppose 3*o - h = -0*o. What are the prime factors of o?
2, 13
Let a = -62 + 66. Suppose -2*b = -5*n + 167, -a*n + 130 = 6*b - 4*b. Let i = 43 + n. What are the prime factors of i?
2, 19
What are the prime factors of 57872/20 + (-117)/45 + 3?
2, 1447
Suppose x - 4746 = 5735. Suppose 0 = 15*u + 296 - x. List the prime factors of u.
7, 97
Suppose 0 + 0 = -9*o. Suppose -m = 4*v - 310, 326 = m - 4*v - o*v. List the prime factors of m.
2, 3, 53
Suppose 0 = 13*u - 663 - 975. Let q = 160 + u. List the prime factors of q.
2, 11, 13
Let t = 86793 + -51994. What are the prime factors of t?
17, 23, 89
Let z(w) = w**3 + 5*w**2 - 25*w - 1. Let s(k) = -k**2 - 18*k - 1. Let a be s(-17). Suppose -19*m + a*m + 15 = 0. List the prime factors of z(m).
2, 31
Let l = -34 - -38. Suppose 3*b - 144 = -b + 5*d, -l*d = b - 36. Let n = b + 13. What are the prime factors of n?
7
Suppose -4*t + 873 = -3*t - 3*p, -t + 874 = -4*p. Suppose 2*n - t = 170. Suppose -4*k + 0*j = -4*j - n, 5*j = -3*k + 350. List the prime factors of k.
5
Let p = -33235 - -50725. Suppose 1060*g + p = 1070*g. List the prime factors of g.
3, 11, 53
Suppose 0 = -218*n + 171*n + 245199. What are the prime factors of n?
3, 37, 47
What are the prime factors of (-27)/(-4) + -6 + 5 + (-57137)/(-4)?
2, 5, 1429
Let f(b) = 12221*b**2 + 212*b + 427. List the prime factors of f(-2).
19, 31, 83
Suppose -3*c = j + c - 961, 4*j = 3*c + 3787. Let n = j + -60. List the prime factors of n.
7, 127
Let x be 5/(60/32)*-510. Let o = x - -2747. List the prime factors of o.
19, 73
Let f = 4595 - 3588. List the prime factors of f.
19, 53
Let g(t) = -37*t + 30. Let f be g(-9). What are the prime factors of 6 + (-48)/6 + f + 0?
19
Let y(f) = -254*f - 7784. List the prime factors of y(-64).
2, 3, 353
Suppose 3*b - 4 - 5 = 0. Let u be 1/(-1) - b*95/3. Let f = u - -180. What are the prime factors of f?
2, 3, 7
Let z(o) be the third derivative of 3*o**4/8 + 15*o**3/2 + 43*o**2. Let y be z(-7). List the prime factors of (y/(-10))/(42/3220).
2, 3, 23
Suppose -3*l = 2*c + 3*c - 10374, 10362 = 5*c - l. Suppose -134*u + c = -131*u. What are the prime factors of u?
691
Suppose 3*b - 555 = 2337. Let n = -328 + b. List the prime factors of n.
2, 3, 53
Suppose 112 + 158 = -3*p - 3*r, 2*p - 3*r + 190 = 0. Let v = p + 436. List the prime factors of v.
2, 43
What are the prime factors of (((-10501300)/75)/(-38))/(2/3)?
5527
Suppose -4*s + 7*s + 18 = 0. Let i(v) = v**3 + 5*v**2 + 7*v + 7. Let y(n) = n**3 + 5*n**2 + 6*n + 6. Let q(z) = s*i(z) + 7*y(z). List the prime factors of q(4).
2, 3
Let g = 181 - -1650. What are the prime factors of g?
1831
List the prime factors of (-1)/(-2)*488/(-732) - (-155185)/3.
2, 53, 61
Let f(z) = 4*z**3 - 7*z**2 + 22*z - 20. Let o be f(6). Suppose -2*d = -4*r + o + 508, -3*r + 942 = 3*d. What are the prime factors of r?
2, 5, 31
Let a = -12512 + 45320. What are the prime factors of a?
2, 3, 1367
Let j = -27569 - -47535. List the prime factors of j.
2, 67, 149
Suppose -27*y = -29*y + 10. Suppose 6*f + y*f = 0. Suppose -r + 315 - 94 = f. List the prime factors of r.
13, 17
Suppose 5*o - 4904 = 4*p, -7*p + 3*p = -3*o + 2944. Let w = o - 423. What are the prime factors of w?
557
Suppose 2*t - 4*z = 10, 26*z - 24*z - 40 = -4*t. Suppose -t*g = -777 - 2418. List the prime factors of g.
5, 71
What are the prime factors of 1*6336 + (29/(-116))/((-1)/20)?
17, 373
Let f = -28149 - -42590. What are the prime factors of f?
7, 2063
Suppose 119*x - 1528031 - 420777 = 1594655. What are the prime factors of x?
11, 2707
Let n(i) = -123*i**2 - 9. Let h be n(-4). Let d = -1205 - h. List the prime factors of d.
2, 193
Let w = 317 - 315. Let f = 163 - 86. Suppose 0 = -w*z - 5 + f. What are the prime factors of z?
2, 3
Let x be 92/5 + 6/(-15). Suppose 14 = -t + x. Suppose -t*s = -3*s + 2*h - 25, -s = -h - 40. List the prime factors of s.
5, 7
Let h(q) = -292*q**3 + 2*q**2. Suppose -10 = 5*n, -5*r - 5*n = -3*r + 12. What are the prime factors of h(r)?
2, 3, 7
Let i be (3 + (-2)/6)/((-42)/(-19719)). List the prime factors of (-60)/10*i/(-6).
2, 313
Suppose -7*r - 228 = -8*r + 4*b, 3*b + 224 = r. What are the prime factors of r?
2, 53
Let b be (-1*2/(-7))/((-3)/(-21)). Let i(r) = -32*r + 5. Let z be i(b). Let l = z + 159. What are the prime factors of l?
2, 5
Let x(s) = s**2 - 2*s + 163. Suppose 0*w - 5*o + 2 = 4*w, 22 = 4*w - 5*o. Suppose w*y = -5*y - y. List the prime factors of x(y).
163
Let t(k) = -k**2 - 24*k - 21. Let v be t(-23). Let j(i) = 2*i**2 + 12*i - 4. Let h be j(-13). What are the prime factors of h/v - (0 + 2)?
3, 29
List the prime factors of (25/(-25))/((-1)/4825).
5, 193
Let n(k) = 165*k**2 - 77*k + 184. What are the prime factors of n(-16)?
2, 3, 17, 107
Let m be (-6)/4*(-4888)/141. Suppose 54*b - 546 = m*b. What are the prime factors of b?
3, 7, 13
Suppose -25287 - 2695973 = -101*a + 1145626. What are the prime factors of a?
2, 3, 709
Let y(f) = f**3 - 5*f**2 + 16. Let o be y(4). Suppose -5*u = -4*d - 10 - 82, d + 3 = o. Suppose -7*w + u + 12 = 0. List the prime factors of w.
2
Suppose -2*b + 6*w + 99068 = 0, -3*w - 193770 = -5*b + 53804. List the prime factors of b.
2, 5, 4951
Let h(l) = 17*l - 265. Let s be h(-31). Let n = -725 - s. What are the prime factors of n?
67
Let a(g) = 8*g + 2. Suppose 2*o + 0*n - 3*n - 15 = 0, 5*o = -3*n + 27. Let d be a(o). Suppose -w = -156 + d. What are the prime factors of w?
2, 53
Let b = 12052 + -7369. What are the prime factors of b?
3, 7, 223
Let h(t) = 23*t**2 + 106*t + 982. What are the prime factors of h(-8)?
2, 11, 73
Let p be (290/10)/(3 - (-4)/(-2)). Suppose 17*a - p*a = -4752. List the prime factors of a.
2, 3, 11
Suppose 3*j = -2*i + 16, -2 = -3*i + 2*i. Suppose 4*m = j*c - 12, -3*c - 16 = -5*c + 4*m. What are the prime factors of 43 + 2 + c - 3?
2, 5
Let g = 176 - 173. Suppose -11*n - 467 = -14*n - 4*o, 461 = g*n + o. What are the prime factors of n?
3, 17
Suppose 3*k = -2*z + 340 + 67, -5*z + 3*k + 1049 = 0. Let v = z - -529. What are the prime factors of v?
11, 67
Let v = 3930 - 3948. Let j(w) = -w**3 + 0*w**3 - 17*w**2 + 20 + 0 + 12*w. What are the prime factors of j(v)?
2
Suppose 2*a + 20 = 3*q, q - 12 = -0*q + 2*a. Let l(u) = -10*u + 449. Let n be l(45). What are the prime factors of (-20)/(-48)*255 + n/q?
2, 53
Suppose -26210 = -36*g + 91006. What are the prime factors of g?
2, 11, 37
Let d(m) = 68*m + 30. 